[INFO] fetching crate llm-chain-qdrant 0.11.2...
[INFO] checking llm-chain-qdrant-0.11.2 against master#e6e4f7ed1589e03bc2f6c5931c1a72e7947e8682 for beta-170-4
[INFO] extracting crate llm-chain-qdrant 0.11.2 into /workspace/builds/worker-7-tc2/source
[INFO] validating manifest of crates.io crate llm-chain-qdrant 0.11.2 on toolchain e6e4f7ed1589e03bc2f6c5931c1a72e7947e8682
[INFO] running `Command { std: CARGO_HOME="/workspace/cargo-home" RUSTUP_HOME="/workspace/rustup-home" "/workspace/cargo-home/bin/cargo" "+e6e4f7ed1589e03bc2f6c5931c1a72e7947e8682" "metadata" "--manifest-path" "Cargo.toml" "--no-deps", kill_on_drop: false }`
[INFO] started tweaking crates.io crate llm-chain-qdrant 0.11.2
[INFO] finished tweaking crates.io crate llm-chain-qdrant 0.11.2
[INFO] tweaked toml for crates.io crate llm-chain-qdrant 0.11.2 written to /workspace/builds/worker-7-tc2/source/Cargo.toml
[INFO] crate crates.io crate llm-chain-qdrant 0.11.2 already has a lockfile, it will not be regenerated
[INFO] running `Command { std: CARGO_HOME="/workspace/cargo-home" RUSTUP_HOME="/workspace/rustup-home" "/workspace/cargo-home/bin/cargo" "+e6e4f7ed1589e03bc2f6c5931c1a72e7947e8682" "fetch" "--manifest-path" "Cargo.toml", kill_on_drop: false }`
[INFO] running `Command { std: "docker" "create" "-v" "/var/lib/crater-agent-workspace/builds/worker-7-tc2/target:/opt/rustwide/target:rw,Z" "-v" "/var/lib/crater-agent-workspace/builds/worker-7-tc2/source:/opt/rustwide/workdir:ro,Z" "-v" "/var/lib/crater-agent-workspace/cargo-home:/opt/rustwide/cargo-home:ro,Z" "-v" "/var/lib/crater-agent-workspace/rustup-home:/opt/rustwide/rustup-home:ro,Z" "-e" "SOURCE_DIR=/opt/rustwide/workdir" "-e" "CARGO_TARGET_DIR=/opt/rustwide/target" "-e" "CARGO_HOME=/opt/rustwide/cargo-home" "-e" "RUSTUP_HOME=/opt/rustwide/rustup-home" "-w" "/opt/rustwide/workdir" "-m" "1610612736" "--user" "0:0" "--network" "none" "ghcr.io/rust-lang/crates-build-env/linux@sha256:19e73879b68f455e41552ea35293514db52ea292d993f571636dbffedb77a1ee" "/opt/rustwide/cargo-home/bin/cargo" "+e6e4f7ed1589e03bc2f6c5931c1a72e7947e8682" "metadata" "--no-deps" "--format-version=1", kill_on_drop: false }`
[INFO] [stdout] 615636e7f9cdacd55822fdfbde39fbfe1897d6b90dd84f95121ae6a665f035bc
[INFO] running `Command { std: "docker" "start" "-a" "615636e7f9cdacd55822fdfbde39fbfe1897d6b90dd84f95121ae6a665f035bc", kill_on_drop: false }`
[INFO] running `Command { std: "docker" "inspect" "615636e7f9cdacd55822fdfbde39fbfe1897d6b90dd84f95121ae6a665f035bc", kill_on_drop: false }`
[INFO] running `Command { std: "docker" "rm" "-f" "615636e7f9cdacd55822fdfbde39fbfe1897d6b90dd84f95121ae6a665f035bc", kill_on_drop: false }`
[INFO] [stdout] 615636e7f9cdacd55822fdfbde39fbfe1897d6b90dd84f95121ae6a665f035bc
[INFO] running `Command { std: "docker" "create" "-v" "/var/lib/crater-agent-workspace/builds/worker-7-tc2/target:/opt/rustwide/target:rw,Z" "-v" "/var/lib/crater-agent-workspace/builds/worker-7-tc2/source:/opt/rustwide/workdir:ro,Z" "-v" "/var/lib/crater-agent-workspace/cargo-home:/opt/rustwide/cargo-home:ro,Z" "-v" "/var/lib/crater-agent-workspace/rustup-home:/opt/rustwide/rustup-home:ro,Z" "-e" "SOURCE_DIR=/opt/rustwide/workdir" "-e" "CARGO_TARGET_DIR=/opt/rustwide/target" "-e" "CARGO_INCREMENTAL=0" "-e" "RUST_BACKTRACE=full" "-e" "RUSTFLAGS=--cap-lints=forbid" "-e" "RUSTDOCFLAGS=--cap-lints=forbid" "-e" "CARGO_HOME=/opt/rustwide/cargo-home" "-e" "RUSTUP_HOME=/opt/rustwide/rustup-home" "-w" "/opt/rustwide/workdir" "-m" "1610612736" "--user" "0:0" "--network" "none" "ghcr.io/rust-lang/crates-build-env/linux@sha256:19e73879b68f455e41552ea35293514db52ea292d993f571636dbffedb77a1ee" "/opt/rustwide/cargo-home/bin/cargo" "+e6e4f7ed1589e03bc2f6c5931c1a72e7947e8682" "check" "--frozen" "--all" "--all-targets" "--message-format=json", kill_on_drop: false }`
[INFO] [stdout] ea5c95e2f1efdbe7c2c5203e688d2ceacfa99a63abf99de7ba7aea86f2b68cb1
[INFO] running `Command { std: "docker" "start" "-a" "ea5c95e2f1efdbe7c2c5203e688d2ceacfa99a63abf99de7ba7aea86f2b68cb1", kill_on_drop: false }`
[INFO] [stderr]    Compiling proc-macro2 v1.0.56
[INFO] [stderr]    Compiling quote v1.0.26
[INFO] [stderr]    Compiling unicode-ident v1.0.8
[INFO] [stderr]    Compiling libc v0.2.142
[INFO] [stderr]    Compiling memchr v2.5.0
[INFO] [stderr]    Compiling log v0.4.17
[INFO] [stderr]     Checking once_cell v1.17.1
[INFO] [stderr]     Checking pin-project-lite v0.2.9
[INFO] [stderr]     Checking bytes v1.4.0
[INFO] [stderr]    Compiling cc v1.0.79
[INFO] [stderr]    Compiling futures-core v0.3.28
[INFO] [stderr]    Compiling syn v1.0.109
[INFO] [stderr]    Compiling tokio v1.28.1
[INFO] [stderr]    Compiling slab v0.4.8
[INFO] [stderr]    Compiling futures-task v0.3.28
[INFO] [stderr]     Checking itoa v1.0.6
[INFO] [stderr]     Checking futures-sink v0.3.28
[INFO] [stderr]    Compiling futures-channel v0.3.28
[INFO] [stderr]    Compiling uncased v0.9.7
[INFO] [stderr]    Compiling futures-util v0.3.28
[INFO] [stderr]    Compiling syn v2.0.15
[INFO] [stderr]     Checking futures-io v0.3.28
[INFO] [stderr]    Compiling indexmap v1.9.3
[INFO] [stderr]     Checking tracing-core v0.1.30
[INFO] [stderr]    Compiling cfg-if v1.0.0
[INFO] [stderr]     Checking hashbrown v0.12.3
[INFO] [stderr]    Compiling pkg-config v0.3.27
[INFO] [stderr]     Checking http v0.2.9
[INFO] [stderr]    Compiling serde v1.0.163
[INFO] [stderr]     Checking mio v0.8.6
[INFO] [stderr]     Checking socket2 v0.4.9
[INFO] [stderr]    Compiling openssl-sys v0.9.87
[INFO] [stderr]     Checking getrandom v0.2.9
[INFO] [stderr]    Compiling thiserror v1.0.40
[INFO] [stderr]    Compiling siphasher v0.3.10
[INFO] [stderr]    Compiling rustversion v1.0.12
[INFO] [stderr]     Checking tower-service v0.3.2
[INFO] [stderr]    Compiling ppv-lite86 v0.2.17
[INFO] [stderr]    Compiling httparse v1.8.0
[INFO] [stderr]    Compiling phf_shared v0.10.0
[INFO] [stderr]     Checking http-body v0.4.5
[INFO] [stderr]    Compiling ring v0.16.20
[INFO] [stderr]     Checking try-lock v0.2.4
[INFO] [stderr]     Checking percent-encoding v2.2.0
[INFO] [stderr]    Compiling rand_core v0.6.4
[INFO] [stderr]    Compiling anyhow v1.0.71
[INFO] [stderr]     Checking want v0.3.0
[INFO] [stderr]    Compiling rand_chacha v0.3.1
[INFO] [stderr]    Compiling aho-corasick v1.0.1
[INFO] [stderr]    Compiling rand v0.8.5
[INFO] [stderr]    Compiling openssl v0.10.52
[INFO] [stderr]     Checking httpdate v1.0.2
[INFO] [stderr]    Compiling regex-syntax v0.7.1
[INFO] [stderr]     Checking openssl-probe v0.1.5
[INFO] [stderr]    Compiling phf_generator v0.10.0
[INFO] [stderr]    Compiling num-traits v0.2.15
[INFO] [stderr]    Compiling async-trait v0.1.68
[INFO] [stderr]     Checking tinyvec_macros v0.1.1
[INFO] [stderr]    Compiling native-tls v0.2.11
[INFO] [stderr]    Compiling strsim v0.10.0
[INFO] [stderr]     Checking untrusted v0.7.1
[INFO] [stderr]     Checking ryu v1.0.13
[INFO] [stderr]    Compiling ident_case v1.0.1
[INFO] [stderr]     Checking spin v0.5.2
[INFO] [stderr]     Checking tinyvec v1.6.0
[INFO] [stderr]    Compiling regex v1.8.1
[INFO] [stderr]    Compiling darling_core v0.14.4
[INFO] [stderr]    Compiling phf_codegen v0.10.0
[INFO] [stderr]    Compiling phf v0.10.1
[INFO] [stderr]    Compiling num-integer v0.1.45
[INFO] [stderr]    Compiling either v1.8.1
[INFO] [stderr]    Compiling serde_json v1.0.96
[INFO] [stderr]    Compiling parse-zoneinfo v0.3.0
[INFO] [stderr]     Checking base64 v0.21.0
[INFO] [stderr]     Checking mime v0.3.17
[INFO] [stderr]    Compiling itertools v0.10.5
[INFO] [stderr]    Compiling chrono-tz-build v0.0.2
[INFO] [stderr]    Compiling tokio-macros v2.1.0
[INFO] [stderr]    Compiling futures-macro v0.3.28
[INFO] [stderr]    Compiling tracing-attributes v0.1.24
[INFO] [stderr]    Compiling serde_derive v1.0.163
[INFO] [stderr]    Compiling thiserror-impl v1.0.40
[INFO] [stderr]    Compiling openssl-macros v0.1.1
[INFO] [stderr]    Compiling darling_macro v0.14.4
[INFO] [stderr]    Compiling pin-project-internal v1.0.12
[INFO] [stderr]     Checking tracing v0.1.37
[INFO] [stderr]     Checking unicode-normalization v0.1.22
[INFO] [stderr]    Compiling pest v2.6.0
[INFO] [stderr]    Compiling axum-core v0.3.4
[INFO] [stderr]     Checking form_urlencoded v1.1.0
[INFO] [stderr]     Checking aho-corasick v0.7.20
[INFO] [stderr]     Checking bstr v1.4.0
[INFO] [stderr]     Checking tower-layer v0.3.2
[INFO] [stderr]     Checking unic-common v0.9.0
[INFO] [stderr]     Checking same-file v1.0.6
[INFO] [stderr]     Checking unicode-bidi v0.3.13
[INFO] [stderr]     Checking unic-char-range v0.9.0
[INFO] [stderr]    Compiling libm v0.2.6
[INFO] [stderr]    Compiling rustls v0.21.1
[INFO] [stderr]     Checking unic-char-property v0.9.0
[INFO] [stderr]     Checking globset v0.4.10
[INFO] [stderr]     Checking unic-ucd-version v0.9.0
[INFO] [stderr]     Checking walkdir v2.3.3
[INFO] [stderr]    Compiling pest_meta v2.6.0
[INFO] [stderr]     Checking idna v0.3.0
[INFO] [stderr]    Compiling prost-derive v0.11.9
[INFO] [stderr]     Checking tokio-util v0.7.8
[INFO] [stderr]     Checking tokio-native-tls v0.3.1
[INFO] [stderr]     Checking pin-project v1.0.12
[INFO] [stderr]    Compiling darling v0.14.4
[INFO] [stderr]    Compiling chrono-tz v0.6.1
[INFO] [stderr]     Checking rustls-webpki v0.100.1
[INFO] [stderr]     Checking sct v0.7.0
[INFO] [stderr]    Compiling axum v0.6.18
[INFO] [stderr]     Checking thread_local v1.1.4
[INFO] [stderr]     Checking iana-time-zone v0.1.56
[INFO] [stderr]     Checking h2 v0.3.18
[INFO] [stderr]     Checking chrono v0.4.24
[INFO] [stderr]     Checking ignore v0.4.20
[INFO] [stderr]    Compiling pest_generator v2.6.0
[INFO] [stderr]     Checking tower v0.4.13
[INFO] [stderr]     Checking url v2.3.1
[INFO] [stderr]    Compiling derive_builder_core v0.12.0
[INFO] [stderr]     Checking tokio-io-timeout v1.2.0
[INFO] [stderr]     Checking unic-ucd-segment v0.9.0
[INFO] [stderr]     Checking prost v0.11.9
[INFO] [stderr]    Compiling async-stream-impl v0.3.5
[INFO] [stderr]     Checking rustls-pemfile v1.0.2
[INFO] [stderr]     Checking hyper v0.14.26
[INFO] [stderr]     Checking encoding_rs v0.8.32
[INFO] [stderr]     Checking ipnet v2.7.2
[INFO] [stderr]     Checking sync_wrapper v0.1.2
[INFO] [stderr]     Checking matchit v0.7.0
[INFO] [stderr]     Checking deunicode v0.4.3
[INFO] [stderr]     Checking tokio-rustls v0.24.0
[INFO] [stderr]     Checking slug v0.1.4
[INFO] [stderr]    Compiling derive_builder_macro v0.12.0
[INFO] [stderr]     Checking rustls-native-certs v0.6.2
[INFO] [stderr]     Checking humansize v2.1.3
[INFO] [stderr]     Checking unic-segment v0.9.0
[INFO] [stderr]     Checking async-stream v0.3.5
[INFO] [stderr]    Compiling pest_derive v2.6.0
[INFO] [stderr]     Checking globwalk v0.8.1
[INFO] [stderr]     Checking tokio-stream v0.1.14
[INFO] [stderr]     Checking futures-executor v0.3.28
[INFO] [stderr]     Checking serde_urlencoded v0.7.1
[INFO] [stderr]     Checking unsafe-libyaml v0.2.8
[INFO] [stderr]     Checking unicode-id v0.3.3
[INFO] [stderr]     Checking futures v0.3.28
[INFO] [stderr]     Checking markdown v1.0.0-alpha.9
[INFO] [stderr]     Checking derive_builder v0.12.0
[INFO] [stderr]     Checking prost-types v0.11.9
[INFO] [stderr]     Checking uuid v1.3.3
[INFO] [stderr]     Checking serde_yaml v0.9.21
[INFO] [stderr]     Checking hyper-tls v0.5.0
[INFO] [stderr]     Checking hyper-timeout v0.4.1
[INFO] [stderr]     Checking reqwest v0.11.17
[INFO] [stderr]     Checking tera v1.18.1
[INFO] [stderr]     Checking llm-chain v0.11.2
[INFO] [stderr]     Checking tonic v0.9.2
[INFO] [stderr]     Checking qdrant-client v1.1.2
[INFO] [stderr]     Checking llm-chain-qdrant v0.11.2 (/opt/rustwide/workdir)
[INFO] [stdout] error[E0433]: failed to resolve: use of undeclared crate or module `llm_chain_openai`
[INFO] [stdout]   --> examples/similarity_search.rs:10:5
[INFO] [stdout]    |
[INFO] [stdout] 10 | use llm_chain_openai::embeddings::Embeddings;
[INFO] [stdout]    |     ^^^^^^^^^^^^^^^^ use of undeclared crate or module `llm_chain_openai`
[INFO] [stdout]    |
[INFO] [stdout] help: there is a crate or module with a similar name
[INFO] [stdout]    |
[INFO] [stdout] 10 | use llm_chain_qdrant::embeddings::Embeddings;
[INFO] [stdout]    |     ~~~~~~~~~~~~~~~~
[INFO] [stdout] 
[INFO] [stdout] 
[INFO] [stdout] error[E0433]: failed to resolve: use of undeclared crate or module `llm_chain_openai`
[INFO] [stdout]   --> examples/similarity_search.rs:48:22
[INFO] [stdout]    |
[INFO] [stdout] 48 |     let embeddings = llm_chain_openai::embeddings::Embeddings::default();
[INFO] [stdout]    |                      ^^^^^^^^^^^^^^^^ use of undeclared crate or module `llm_chain_openai`
[INFO] [stdout]    |
[INFO] [stdout] help: there is a crate or module with a similar name
[INFO] [stdout]    |
[INFO] [stdout] 48 |     let embeddings = llm_chain_qdrant::embeddings::Embeddings::default();
[INFO] [stdout]    |                      ~~~~~~~~~~~~~~~~
[INFO] [stdout] help: consider importing this trait
[INFO] [stdout]    |
[INFO] [stdout] 1  + use llm_chain::traits::Embeddings;
[INFO] [stdout]    |
[INFO] [stdout] help: if you import `Embeddings`, refer to it directly
[INFO] [stdout]    |
[INFO] [stdout] 48 -     let embeddings = llm_chain_openai::embeddings::Embeddings::default();
[INFO] [stdout] 48 +     let embeddings = Embeddings::default();
[INFO] [stdout]    |
[INFO] [stdout] 
[INFO] [stdout] 
[INFO] [stdout] error[E0433]: failed to resolve: use of undeclared crate or module `llm_chain_openai`
[INFO] [stdout]   --> examples/vectorstore_tool_invocation.rs:19:5
[INFO] [stdout]    |
[INFO] [stdout] 19 | use llm_chain_openai::embeddings::{Embeddings, OpenAIEmbeddingsError};
[INFO] [stdout]    |     ^^^^^^^^^^^^^^^^ use of undeclared crate or module `llm_chain_openai`
[INFO] [stdout]    |
[INFO] [stdout] help: there is a crate or module with a similar name
[INFO] [stdout]    |
[INFO] [stdout] 19 | use llm_chain_qdrant::embeddings::{Embeddings, OpenAIEmbeddingsError};
[INFO] [stdout]    |     ~~~~~~~~~~~~~~~~
[INFO] [stdout] 
[INFO] [stdout] 
[INFO] [stdout] error[E0433]: failed to resolve: use of undeclared crate or module `llm_chain_openai`
[INFO] [stdout]   --> examples/qdrant_vectorstore.rs:44:24
[INFO] [stdout]    |
[INFO] [stdout] 44 |     let qdrant: Qdrant<llm_chain_openai::embeddings::Embeddings, EmptyMetadata> = Qdrant::new(
[INFO] [stdout]    |                        ^^^^^^^^^^^^^^^^ use of undeclared crate or module `llm_chain_openai`
[INFO] [stdout]    |
[INFO] [stdout] help: there is a crate or module with a similar name
[INFO] [stdout]    |
[INFO] [stdout] 44 |     let qdrant: Qdrant<llm_chain_qdrant::embeddings::Embeddings, EmptyMetadata> = Qdrant::new(
[INFO] [stdout]    |                        ~~~~~~~~~~~~~~~~
[INFO] [stdout] 
[INFO] [stdout] 
[INFO] [stdout] error[E0433]: failed to resolve: use of undeclared crate or module `llm_chain_openai`
[INFO] [stdout]   --> examples/qdrant_vectorstore.rs:41:22
[INFO] [stdout]    |
[INFO] [stdout] 41 |     let embeddings = llm_chain_openai::embeddings::Embeddings::default();
[INFO] [stdout]    |                      ^^^^^^^^^^^^^^^^ use of undeclared crate or module `llm_chain_openai`
[INFO] [stdout]    |
[INFO] [stdout] help: there is a crate or module with a similar name
[INFO] [stdout]    |
[INFO] [stdout] 41 |     let embeddings = llm_chain_qdrant::embeddings::Embeddings::default();
[INFO] [stdout]    |                      ~~~~~~~~~~~~~~~~
[INFO] [stdout] help: consider importing this trait
[INFO] [stdout]    |
[INFO] [stdout] 1  + use llm_chain::traits::Embeddings;
[INFO] [stdout]    |
[INFO] [stdout] help: if you import `Embeddings`, refer to it directly
[INFO] [stdout]    |
[INFO] [stdout] 41 -     let embeddings = llm_chain_openai::embeddings::Embeddings::default();
[INFO] [stdout] 41 +     let embeddings = Embeddings::default();
[INFO] [stdout]    |
[INFO] [stdout] 
[INFO] [stdout] 
[INFO] [stdout] error[E0433]: failed to resolve: use of undeclared crate or module `llm_chain_openai`
[INFO] [stdout]   --> examples/vectorstore_tool_invocation.rs:81:27
[INFO] [stdout]    |
[INFO] [stdout] 81 |     let qdrant = Qdrant::<llm_chain_openai::embeddings::Embeddings, EmptyMetadata>::new(
[INFO] [stdout]    |                           ^^^^^^^^^^^^^^^^ use of undeclared crate or module `llm_chain_openai`
[INFO] [stdout]    |
[INFO] [stdout] help: there is a crate or module with a similar name
[INFO] [stdout]    |
[INFO] [stdout] 81 |     let qdrant = Qdrant::<llm_chain_qdrant::embeddings::Embeddings, EmptyMetadata>::new(
[INFO] [stdout]    |                           ~~~~~~~~~~~~~~~~
[INFO] [stdout] 
[INFO] [stdout] 
[INFO] [stdout] error[E0433]: failed to resolve: use of undeclared crate or module `llm_chain_openai`
[INFO] [stdout]   --> examples/vectorstore_tool_invocation.rs:79:22
[INFO] [stdout]    |
[INFO] [stdout] 79 |     let embeddings = llm_chain_openai::embeddings::Embeddings::default();
[INFO] [stdout]    |                      ^^^^^^^^^^^^^^^^ use of undeclared crate or module `llm_chain_openai`
[INFO] [stdout]    |
[INFO] [stdout] help: there is a crate or module with a similar name
[INFO] [stdout]    |
[INFO] [stdout] 79 |     let embeddings = llm_chain_qdrant::embeddings::Embeddings::default();
[INFO] [stdout]    |                      ~~~~~~~~~~~~~~~~
[INFO] [stdout] help: consider importing this trait
[INFO] [stdout]    |
[INFO] [stdout] 1  + use llm_chain::traits::Embeddings;
[INFO] [stdout]    |
[INFO] [stdout] help: if you import `Embeddings`, refer to it directly
[INFO] [stdout]    |
[INFO] [stdout] 79 -     let embeddings = llm_chain_openai::embeddings::Embeddings::default();
[INFO] [stdout] 79 +     let embeddings = Embeddings::default();
[INFO] [stdout]    |
[INFO] [stdout] 
[INFO] [stdout] 
[INFO] [stdout] error[E0433]: failed to resolve: use of undeclared crate or module `llm_chain_openai`
[INFO] [stdout]    --> examples/vectorstore_tool_invocation.rs:122:16
[INFO] [stdout]     |
[INFO] [stdout] 122 |     let exec = executor!().unwrap();
[INFO] [stdout]     |                ^^^^^^^^^^^ use of undeclared crate or module `llm_chain_openai`
[INFO] [stdout]     |
[INFO] [stdout]     = note: this error originates in the macro `executor` (in Nightly builds, run with -Z macro-backtrace for more info)
[INFO] [stdout] help: there is a crate or module with a similar name
[INFO] [stdout]    --> /opt/rustwide/cargo-home/registry/src/index.crates.io-6f17d22bba15001f/llm-chain-0.11.2/src/executor.rs:53:9
[INFO] [stdout]     |
[INFO] [stdout] 53  |         llm_chain_qdrant::chatgpt::Executor::new()
[INFO] [stdout]     |         ~~~~~~~~~~~~~~~~
[INFO] [stdout] help: consider importing this trait
[INFO] [stdout]     |
[INFO] [stdout] 1   + use llm_chain::traits::Executor;
[INFO] [stdout]     |
[INFO] [stdout] 
[INFO] [stdout] 
[INFO] [stdout] warning: unused import: `traits::VectorStore`
[INFO] [stdout]  --> examples/similarity_search.rs:5:5
[INFO] [stdout]   |
[INFO] [stdout] 5 |     traits::VectorStore,
[INFO] [stdout]   |     ^^^^^^^^^^^^^^^^^^^
[INFO] [stdout]   |
[INFO] [stdout]   = note: `#[warn(unused_imports)]` on by default
[INFO] [stdout] 
[INFO] [stdout] 
[INFO] [stdout] warning: unused import: `traits::VectorStore`
[INFO] [stdout]  --> examples/qdrant_vectorstore.rs:1:40
[INFO] [stdout]   |
[INFO] [stdout] 1 | use llm_chain::{schema::EmptyMetadata, traits::VectorStore};
[INFO] [stdout]   |                                        ^^^^^^^^^^^^^^^^^^^
[INFO] [stdout]   |
[INFO] [stdout]   = note: `#[warn(unused_imports)]` on by default
[INFO] [stdout] 
[INFO] [stdout] 
[INFO] [stdout] error: aborting due to 2 previous errors; 1 warning emitted
[INFO] [stdout] 
[INFO] [stdout] 
[INFO] [stdout] For more information about this error, try `rustc --explain E0433`.
[INFO] [stdout] 
[INFO] [stdout] error: aborting due to 2 previous errors; 1 warning emitted
[INFO] [stdout] 
[INFO] [stdout] 
[INFO] [stdout] For more information about this error, try `rustc --explain E0433`.
[INFO] [stdout] 
[INFO] [stderr] error: could not compile `llm-chain-qdrant` (example "similarity_search") due to 3 previous errors; 1 warning emitted
[INFO] [stderr] warning: build failed, waiting for other jobs to finish...
[INFO] [stdout] warning: unused import: `llm_chain::output::Output`
[INFO] [stdout]  --> examples/vectorstore_tool_invocation.rs:2:5
[INFO] [stdout]   |
[INFO] [stdout] 2 | use llm_chain::output::Output;
[INFO] [stdout]   |     ^^^^^^^^^^^^^^^^^^^^^^^^^
[INFO] [stdout]   |
[INFO] [stdout]   = note: `#[warn(unused_imports)]` on by default
[INFO] [stdout] 
[INFO] [stdout] 
[INFO] [stdout] warning: unused import: `llm_chain::traits::VectorStore`
[INFO] [stdout]  --> examples/vectorstore_tool_invocation.rs:5:5
[INFO] [stdout]   |
[INFO] [stdout] 5 | use llm_chain::traits::VectorStore;
[INFO] [stdout]   |     ^^^^^^^^^^^^^^^^^^^^^^^^^^^^^^
[INFO] [stdout] 
[INFO] [stdout] 
[INFO] [stderr] error: could not compile `llm-chain-qdrant` (example "qdrant_vectorstore") due to 3 previous errors; 1 warning emitted
[INFO] [stdout] error: aborting due to 4 previous errors; 2 warnings emitted
[INFO] [stdout] 
[INFO] [stdout] 
[INFO] [stdout] For more information about this error, try `rustc --explain E0433`.
[INFO] [stdout] 
[INFO] [stderr] error: could not compile `llm-chain-qdrant` (example "vectorstore_tool_invocation") due to 5 previous errors; 2 warnings emitted
[INFO] running `Command { std: "docker" "inspect" "ea5c95e2f1efdbe7c2c5203e688d2ceacfa99a63abf99de7ba7aea86f2b68cb1", kill_on_drop: false }`
[INFO] running `Command { std: "docker" "rm" "-f" "ea5c95e2f1efdbe7c2c5203e688d2ceacfa99a63abf99de7ba7aea86f2b68cb1", kill_on_drop: false }`
[INFO] [stdout] ea5c95e2f1efdbe7c2c5203e688d2ceacfa99a63abf99de7ba7aea86f2b68cb1
